99304/52?
7
Suppose -540 = 3*a - 57. Let y = a + 235. What is the units digit of y?
4
Let i(r) = r**3 - 5*r**2 - 15*r + 3. Let v be i(7). Let b = 7 + v. Suppose -62 - 13 = -b*l. What is the units digit of l?
5
Let d = 149 - 9. Suppose 2*y - 638 = 5*v + d, -y - 3*v + 411 = 0. What is the units digit of y?
9
Suppose 5300 = -4*r + 14*r. Let v = r + -297. What is the tens digit of v?
3
Let t(q) = 1092*q**3 - 14*q**2 + 21*q + 15. What is the tens digit of t(2)?
3
Let h = -5 - -8. Let b be (3 - 0) + (h - 7) + 1. Suppose 0 = -p - b*p + r + 86, -312 = -4*p - 4*r. What is the units digit of p?
2
Let h = -63554 + 103494. What is the tens digit of h?
4
Let w(g) = -2*g**3 - 3*g + 1. Let f be w(-3). Suppose -19*r - 240 = -3*r. Let y = f + r. What is the tens digit of y?
4
Suppose 0 = 80*l + 119*l + 532382 - 2282388. What is the units digit of l?
4
Let m(w) = -3*w**3 + 58*w**2 - 19*w + 2. Let v be m(19). Suppose 0 = v*g - 4*z - 492, z = -3*g - 4*z + 694. What is the hundreds digit of g?
2
Suppose 0 = -9*z + 167 + 3820. Suppose z = 9*x - 961. What is the hundreds digit of x?
1
Suppose 6*o = 8*o - 46. Let k = 27 - o. Suppose -163 = -k*q + 37. What is the tens digit of q?
5
Suppose r + 3*c - 2545 = 0, -2*c - 10180 = -4*r - 0*r. Suppose -5*s + 0*n = 5*n - r, 5*s - 2533 = -n. What is the tens digit of s?
0
Suppose 10*u + 36 = u. What is the hundreds digit of u/(8/(-1164)*3)?
1
Let l(r) = 5*r**2 - 13*r + 1. Let v be l(12). Suppose -665 = -2*y - 5*u, -2*u - 753 = -4*y + v. Suppose y = 8*x - 238. What is the units digit of x?
1
Let p be -2 + 4 + (-4)/(-2). Suppose p*l - 233 = 51. Suppose 8*t = 359 - l. What is the tens digit of t?
3
Let z(o) = 211*o**2 - 36*o + 166. What is the hundreds digit of z(-9)?
5
What is the units digit of 4634/(((-572)/(-242))/13)?
7
Let o(p) = 7*p - 4*p**2 - 12 + 0*p**2 + 3*p**2. Let q be o(5). What is the units digit of (q/2)/((-2)/164)?
2
Let g be ((-4)/(-3))/(8/18). Suppose 3 = g*b - 3. Suppose 2*u - 390 = 2*c, -b*c = -u + 128 + 64. What is the hundreds digit of u?
1
Let c(u) = u**3 - 16*u**2 + 17*u - 25. Let f be c(15). Suppose f*n - 241 - 64 = 0. What is the units digit of n?
1
Suppose -123972 = 5*f - 8*f - b, 0*b = 5*b. What is the tens digit of f?
2
Let x(f) = -f - 1. Let h(s) = -47*s + 43. Let q(d) = -h(d) - 4*x(d). Let v be q(9). Suppose 3*t - v = -3*t. What is the units digit of t?
0
Suppose b = 3, 3*a - 11 = -b + 355. Let f be 428/(39/(117/12)). Let v = a - f. What is the tens digit of v?
1
Let i = -419 + 416. What is the hundreds digit of ((-2)/i)/((-8)/(-1776))?
1
Let w(v) = -2*v**2 - 9*v + 13. Let f(h) = 3*h**2 + 19*h - 27. Let a(l) = -3*f(l) - 5*w(l). Let q be a(17). What is the units digit of q + (-1)/1 - 1?
9
Let d(v) = -5*v**2 + 40*v - 51*v - 4*v**3 - 17 + 3*v**3 + 0*v**3. Let c be d(-6). Suppose -a = 5*g - g - c, 0 = -3*a - g + 266. What is the tens digit of a?
8
Suppose -7928 = -3*o + 4*q + 11621, -4*o = -3*q - 26070. What is the hundreds digit of o?
5
Let o(s) = -s + 7. Let h be o(2). Suppose -h = -4*p + 3*p. Suppose 604 = p*n - n. What is the hundreds digit of n?
1
Let s be 8/(-2) - 214*7. Let w = s + 2610. What is the units digit of w?
8
What is the units digit of (28722/14 + 3)*(-168)/(-36)?
8
Let y(w) = -4*w**3 - w**2 + 3*w + 30. Let d(t) = 5*t**3 - t**2 - 4*t - 30. Let m(h) = 5*d(h) + 6*y(h). What is the hundreds digit of m(13)?
3
Suppose 83*g - 222684 = 124323 + 104430. What is the tens digit of g?
3
Suppose -13*m + 26*m = -63*m + 896344. What is the ten thousands digit of m?
1
Suppose -13*g - 30 = -19*g. Suppose 1275 = g*x + 4*v, 0 = -4*x - v + 3*v + 1046. What is the units digit of x?
9
Let w(c) = 26*c**2 + 2*c - 4. Let o be w(4). Suppose 686 = 2*h + 2*n, 2*h + 4*n - o = 270. What is the tens digit of h?
4
Let z(g) = -134*g - 176. Let s = -275 + 269. What is the tens digit of z(s)?
2
Suppose -33*p + 36*p = 3240. Suppose -p = -4*x + 952. What is the hundreds digit of x?
5
Suppose -4*h + 36 = 2*c, 5*c = -4*h + 2 + 76. Let a = c + -18. What is the tens digit of (-54)/a + (-3)/2?
1
Suppose 41*c - 14*c - 113463 = 67707. What is the units digit of c?
0
Suppose -148*v + 340805 + 53300 = v. What is the tens digit of v?
4
Let b be 7/2 + (-1)/2. Suppose -b*w + 1422 = -3*m, 10 = -2*m + 2. Let h = -291 + w. What is the tens digit of h?
7
Suppose -483*x + s + 67064 = -480*x, 0 = 4*s - 28. What is the tens digit of x?
5
Suppose -8*j + 23*j - 20*j = 0. Suppose j = -i + 2*r + 384, 0*i + 5*i - r = 1956. What is the tens digit of i?
9
Let a be 1690/(-26) + 1*(-2)/2. Let i = 74 + a. What is the units digit of (-5 + i)/((-543)/(-267) - 2)?
9
Let t be (0 - 2)*4777/(-34). Let j = t - 126. What is the hundreds digit of j?
1
Suppose -54*n + 1203744 = 127200. What is the hundreds digit of n?
9
Let d(k) be the second derivative of k**4/6 - 4*k**3/3 - 97*k**2/2 + 102*k. What is the units digit of d(20)?
3
Let s(j) = 21*j - 7. Let l be s(-2). Let z = l - -126. What is the units digit of z?
7
Suppose 864*s = 871*s - 6309 - 36153. What is the thousands digit of s?
6
Let m(b) = 853*b + 33. Let f be m(4). Suppose 0 = -275*t + 270*t + f. What is the hundreds digit of t?
6
Suppose 472824 = 125*k - 98*k. What is the hundreds digit of k?
5
Let f(x) = 156*x + 69. Let n be f(7). Let y = n - 813. What is the units digit of y?
8
Let s(m) = 276*m - 11725. What is the ten thousands digit of s(146)?
2
Suppose -21*u + 871 = -6668. What is the hundreds digit of u?
3
Suppose 8*g - 118*g = -4801170. What is the thousands digit of g?
3
Let r(f) be the third derivative of -5*f**4/3 + 5*f**3/3 - 36*f**2. Let b be r(-3). Let g = b - 81. What is the tens digit of g?
4
Let a = -926 + 956. Let g be 1 + 0 + 431 + -2. What is the units digit of g/a + 4/6?
5
Let g = 47925 + -11936. What is the hundreds digit of g?
9
Suppose -18*f = -l - 19*f + 2413, 5*l - 4*f - 12101 = 0. What is the hundreds digit of l?
4
Suppose 1908 = -8*b + 11*b. Let p = 792 - b. What is the hundreds digit of p?
1
Let u = 34600 + -22780. What is the hundreds digit of u?
8
Let g = 103230 + -61298. What is the units digit of g?
2
Suppose 187263 = -48*t + 17*t + 822205. What is the ten thousands digit of t?
2
Suppose 7 = -4*d + 31. Let n be (135/10)/9*412/d. Suppose 3*k + 13 - n = 0. What is the tens digit of k?
3
Suppose 274*b + 164*b - 6151302 = 8602290. What is the thousands digit of b?
3
Suppose -2*v + 5*c = -7913, 2*c + 8547 = 2*v + 631. What is the tens digit of v?
5
Suppose -131*d - 206993 = -378*d + 8446652. What is the thousands digit of d?
5
Let m(z) = 8*z + 4. Let h = -376 + 380. What is the units digit of m(h)?
6
Let d(z) = -11*z**2 + 6*z - 17. Let k be d(-5). Let h = k - -718. What is the tens digit of h?
9
Let d = -942 - -2073. Suppose 0 = -3*t + 3*r + d, 2*t + 169 = 3*r + 926. Suppose -4*a = 5*o - t, -4*o - 184 = -2*a - 5*o. What is the tens digit of a?
9
What is the ten thousands digit of ((-24)/42)/(20/70) + 10411?
1
Let w(n) = -10*n**3 + 2*n**2 + 26*n + 1. Let a(g) = 24*g - 76. Let q be a(3). What is the units digit of w(q)?
9
Let h be ((-2)/(-6) + 1)/(36/324). Suppose -h*v + 2*v + 120 = 0. What is the units digit of v?
2
What is the tens digit of 189848/6 + 15/(-18) + 3/6?
4
Suppose 3*z + 5 = 5*w - 4*w, 4*z + 2*w + 20 = 0. Let i be (-62)/(-22) - (-14)/77 - z. Suppose i*n - 868 = -16. What is the tens digit of n?
4
Let c(i) = -14*i**2 + 7*i + 19. Let q(u) = -u - 1. Let z(g) = -c(g) + 2*q(g). What is the units digit of z(-4)?
9
Suppose -43*i = 19*i - 558. What is the units digit of i?
9
Let m(i) = 64*i + 10*i**3 + 74*i + 3 - 2*i**2 - 138*i + 0. Suppose 2*x - 4*l = -10, -2*x - 3*x + 7 = -2*l. What is the units digit of m(x)?
5
Suppose -8*u = 13 - 45. Suppose -880 = -5*y - u*k, -y - 3*y = 3*k - 704. What is the tens digit of y?
7
Let k be (-5 - -12) + 1 + -5. Suppose 2635 - 847 = k*u. What is the units digit of u?
6
Let s = -235 + 242. What is the units digit of (-6 + -1)/s + (-165)/(-1)?
4
Let a(w) = w**2 - w + 1. Let t be a(2). Suppose -5*m - p = p - 146, t*m - 93 = -3*p. Suppose d - 43 - m = -f, d - 2*f = 80. What is the units digit of d?
4
What is the hundreds digit of (-231)/(((-8)/(-348))/((-8)/12))?
6
Suppose -16*a - 104 - 184 = 0. What is the hundreds digit of (-14540)/a + (-36)/(-162)?
8
Let y be (-2)/12 - (-303)/(-18). Let b = y + 21. Suppose -5*s - b*p = -205, 4*s - 5